 be u(-4). Let y(v) = -v**3 - 5*v**2 + 3*v - 7. Let r be y(g). Let m = r + 12. What are the prime factors of m?
23
What are the prime factors of 19/(1064/34736) - 2/7?
2, 5, 31
Suppose 5 + 5 = -q. Let f(p) = 10*p - 1. Let i be f(3). Let j = i + q. What are the prime factors of j?
19
Suppose 106 = k - 0*k. List the prime factors of k.
2, 53
Suppose -7*q = 14*q - 67767. What are the prime factors of q?
7, 461
Let m = -24 + 32. List the prime factors of m - ((-2)/(-2) - -3).
2
Let v = 1065 - 653. List the prime factors of v.
2, 103
Suppose 0*r + 15 = 4*h + r, -5 = 5*r. List the prime factors of -1 + h + 1 + (-2 - -1).
3
Let s be (-1)/(-1) - (-1 - 18). Let o be s*(-1)/(10/(-16)). Suppose -4*m + o = 12. List the prime factors of m.
5
Let s(g) = -4*g - 2. Suppose 6*q + 9 = 3*q. What are the prime factors of s(q)?
2, 5
Suppose -15*d - 44 + 1364 = 0. Suppose 4*s - d = 84. List the prime factors of s.
43
Let o = 563 - 15. What are the prime factors of o?
2, 137
Suppose 362*c - 5217 = 357*c + 3*h, 4*c - 4180 = 4*h. What are the prime factors of c?
3, 347
Suppose -o + 3*v + 42 = 0, -v = -5*o + 2*o + 158. Let u = 77 - o. Let x = u - 12. What are the prime factors of x?
11
Let b be (3/5)/(1/(-5)). What are the prime factors of (b/(-9))/(1/153)?
3, 17
Suppose -z + 5*i + 4074 = 0, 4*z + 0*i + 5*i - 16196 = 0. What are the prime factors of z?
2, 2027
Suppose 0*t + 2*t - 5*v = 593, 5*v = 5*t - 1490. Let x = -169 + t. What are the prime factors of x?
2, 5, 13
Suppose 5*f = -a - 3, 6*f - f - 3 = -4*a. Suppose 0 = a*h - 2, 2*g = -2*h + 284. What are the prime factors of g?
3, 47
Let z = -56 + 71. Suppose -1812 = -z*h + 3*h. List the prime factors of h.
151
Let f(d) = -4*d**3 - 12*d**2 - 22*d - 11. What are the prime factors of f(-6)?
7, 79
Let d(y) = -y**3 + 11*y**2 + 21*y + 1. List the prime factors of d(11).
2, 29
Suppose 12 = -5*j + 27. Let z(s) = 4*s**3 - 2*s**2 + 4*s - 3. Let w be z(1). Suppose 229 = 4*v + 4*r + r, j*r = w. What are the prime factors of v?
2, 7
Suppose 4910 = 6*o - 916. List the prime factors of o.
971
Suppose 20*j - 21*j - 9269 = -3*o, -4*o = -5*j - 12344. What are the prime factors of o?
11, 281
Let u = 1561 - 1102. List the prime factors of u.
3, 17
Let a = 7742 - 5157. What are the prime factors of a?
5, 11, 47
Let c(n) = n**3 + 39*n**2 + 102*n + 75. List the prime factors of c(-32).
23, 173
Suppose 5*r - r = -5*c - 9, -3*c - 23 = -2*r. Suppose 6*l = r*l + 276. What are the prime factors of l?
2, 3, 23
Let o(c) = -6*c**2 - 17*c + 18. Let w(z) = 7*z**2 + 18*z - 19. Let m(v) = -6*o(v) - 5*w(v). What are the prime factors of m(7)?
2, 3, 5
Let f(b) = -4*b**2 - 14*b - 3. Let k(j) = j**2 + j + 1. Let x(o) = f(o) + 5*k(o). Suppose 34 = 3*q + 4. List the prime factors of x(q).
2, 3
Suppose 364 = 5*y - 2*z, -y - z + 4*z + 78 = 0. Let v(b) = b**3 - 5*b**2 - 8*b + 6. Let x be v(7). Let w = y - x. What are the prime factors of w?
2, 3
Suppose 3*w = u - 2*w - 25, 0 = 2*u - 5*w - 35. Let j be 15/u*8/6. Suppose s + j*s - 30 = 0. List the prime factors of s.
2, 5
Let a be (3 + -938)/(-1) - 2. Suppose -638 = -2*f - 2*n, 3*f = 3*n + 2*n + a. List the prime factors of f.
2, 79
Suppose -2*o + 142 + 384 = 0. What are the prime factors of o?
263
What are the prime factors of (134/(-8))/(1/(-36))?
3, 67
Suppose -278 = s - 2*s - 4*q, -4*q - 616 = -2*s. Suppose 83 = b - 3*c, -4*c = -5*b + s + 117. List the prime factors of b.
83
Let i be 1668/(-4) - 0 - -2. Let p = i - -961. List the prime factors of (-22)/(-55) - p/(-10).
5, 11
Suppose 3*a - 4*a = -70. Suppose 172 = 10*u - 14*u. Let b = a + u. List the prime factors of b.
3
Suppose 0 = 2*f - 2*b - 2, 0 = -2*f + b + 1 - 0. Suppose 7*v - 6*v - 34 = f. List the prime factors of v.
2, 17
Let o = 307 + 55. What are the prime factors of o?
2, 181
Let y = 48 + -32. Suppose 8*l - 4*c = 3*l + 119, y = 4*c. List the prime factors of l.
3
Let c = 14 - 44. Let i = -14 - c. What are the prime factors of i?
2
Suppose -5*l = 2*z - 35, 5*l = 4*z - 1 + 6. Suppose -5*x + l*w + 921 = w, -5*x = -w - 909. What are the prime factors of x?
181
Suppose 2*f - 2 = -0*f - m, -f - m = 1. Suppose 2*j + 5*d = 341, -f*d + 20 = j - 148. List the prime factors of j.
3, 61
Let p(q) = -q**3 + 10*q**2 - 6. Let l be 12 + (0 - -3 - 8). What are the prime factors of p(l)?
3, 47
Let x = -242 - -146. Let q = 142 + x. What are the prime factors of q?
2, 23
Let g(y) = -y**2 - 16*y + 16. Let k be 7/21 + (-69)/(-9). Suppose -28 - 68 = k*d. List the prime factors of g(d).
2
Let w(q) = -q**3 + 12*q**2 + 17*q - 15. Let m be w(13). Suppose 0 = -b - m + 100. List the prime factors of b.
3, 7
Let h be (-1)/(-2) - 3/(-2). Suppose -i - a - 1 + 7 = 0, -5*a = -15. Suppose -i + 63 = h*y - 5*g, 4*g - 92 = -4*y. What are the prime factors of y?
5
Let p = -10 + 7. What are the prime factors of 27 + 4/((-6)/p)?
29
Suppose q + q = -18. Let m(y) = -5*y + 21. Let d(k) = -2*k + 7. Let v(w) = 11*d(w) - 4*m(w). What are the prime factors of v(q)?
11
Let q(p) = -7*p**2 + 3*p + p**3 - 5*p**3 + 6*p**2 + 4*p**2. List the prime factors of q(-2).
2, 19
Suppose -5*i + 9815 = 5*l, l = -4*i - 848 + 8703. List the prime factors of i.
2, 491
Suppose 0 = 3*z + 25 - 10, -2*n + 2*z + 578 = 0. What are the prime factors of n?
2, 71
Let g = -4480 - -8830. List the prime factors of g.
2, 3, 5, 29
Let w = 979 + 398. List the prime factors of w.
3, 17
Let q = -782 + 1117. List the prime factors of q.
5, 67
Let y be 309/6 - 1 - 9/(-6). Let q = 108 - y. List the prime factors of q.
2, 7
Let q(m) = -m**2 - 2. Let f be q(0). Let o be ((-2)/5)/(f/50). What are the prime factors of (o/(-5))/((-2)/13)?
13
Let l(o) be the second derivative of 5*o**3/6 + 2*o**2 - 2*o. Suppose -2*n + 7*n - 24 = -3*c, 0 = -2*n + 5*c - 9. What are the prime factors of l(n)?
19
Let d(h) = 2*h + 84. Let i be d(0). What are the prime factors of (-4)/7 - (-3408)/i?
2, 5
Suppose 0 = 2*l + 4 + 28. Let x = -16 - l. Suppose -117 = -3*v - s, s + s = x. List the prime factors of v.
3, 13
Let r(f) = f. Let c(l) = -4*l + 2. Let u(n) = 2*c(n) + 2*r(n). Let v be u(-3). Suppose -2*t + 14 = i + 4, 0 = 2*t - 2*i - v. What are the prime factors of t?
7
Let i = -87 - -991. List the prime factors of i.
2, 113
Let b be 1/(-1*3/6). Let k be b/(2 - 0)*2. List the prime factors of (-1284)/(-44) - k/(-11).
29
Suppose 10*x = x. Suppose s - 6 - 7 = x. List the prime factors of s.
13
Let i(y) = -2*y**3 - y**2 + 3*y - 4. Let q = 15 + -13. Let h be i(q). List the prime factors of (h/(-27))/(2/39).
13
Let z = 2446 + -1497. What are the prime factors of z?
13, 73
Let r = -4 + 5. Let m be (-28)/1 + 0 + r. Let q = m + 38. List the prime factors of q.
11
Let d(b) = -207*b + 2. Let m be d(-1). Suppose 0*u = -3*u - 2*o + m, 3*u + 3*o = 204. What are the prime factors of u?
73
Suppose f = 33 - 57. Let a = f + 56. What are the prime factors of a?
2
Let a be (30 + 3)*(600/9)/5. Suppose 9*m - a = -m. What are the prime factors of m?
2, 11
Suppose 0 = 4*i + 3*j - 2*j - 1589, -i + 383 = 5*j. List the prime factors of i.
2, 199
Let t(l) be the third derivative of l**6/720 + l**5/10 + l**4/12 - 3*l**2. Let m(s) be the second derivative of t(s). What are the prime factors of m(0)?
2, 3
Let o(q) = -q**3 + 35*q**2 + 13*q - 31. List the prime factors of o(35).
2, 53
Let a(k) = 3*k**3 - 2*k**2 - 4*k - 2. Let x be a(-2). Let i = 37 + x. What are the prime factors of i?
11
Suppose -5*x + 478 = 4*g - 617, 4*x + 5*g - 885 = 0. Suppose c + d = x, -c + 5*d = -5*c + 856. Let b = -136 + c. List the prime factors of b.
83
Let m(s) = -s**3 - s**2 - s - 1. Let t = 88 + -91. List the prime factors of m(t).
2, 5
Suppose -230 = -h + 686. List the prime factors of h.
2, 229
Suppose 4*i + 4 = -2*t - 0, i = -2*t + 5. Let j(b) = -b**2 + 2*b**2 + 2*b - 1 + 0 - 3*b. List the prime factors of j(t).
11
What are the prime factors of (-5)/(5/(-299)) + -1 + 7?
5, 61
Let j be 180/(-8)*-23*(-8)/(-10). Let m = j - 177. What are the prime factors of m?
3, 79
List the prime factors of 2126/(-5*22/(-55)).
1063
Let p = 2712 - 1678. List the prime factors of p.
2, 11, 47
Let h be -9*(-3 + (-2)/(-6)). List the prime factors of h/((-1)/2*12/(-30)).
2, 3, 5
Suppose x - 8 = -0*x. Suppose -5*o + x = 178. What are the prime factors of (-3783)/(-221) - (-4)/o?
17
Suppose 2*i - 5*g = 43, i - g - 29 = 3*g. S